 c(j) = 3*j**2 - 4*j + 5. Let i(q) = -q**2. Let h = 4 + -10. Let r(a) = h*i(a) + c(a). Is r(4) a prime number?
False
Suppose 0*x - x = j + 6, -2*j - 3*x - 17 = 0. Let q = 90 + j. Is q composite?
False
Suppose -5 - 4 = 3*u, 14 = 2*m + 2*u. Is m prime?
False
Let s(j) be the first derivative of j**4/4 + 2*j**3/3 + 5*j**2/2 + 3*j - 4. Is s(4) prime?
False
Is (1 + 0)*(-1 - -416) prime?
False
Is 641 + (-3)/(-12)*0 a prime number?
True
Let s(o) = 19*o - 2. Is s(4) composite?
True
Let r(s) = s**3 - 4*s**2 + 5*s - 4. Let y be r(3). Suppose -l = -5*z + 7, -4*l + 0 = -5*z - y. Is 1/(2*z/124) composite?
False
Suppose 0*w = 4*w + 4872. Let p be w/(-10) - 4/(-20). Let m = p + 111. Is m prime?
True
Suppose 5*q + 10 = 110. Let i = 31 - q. Is i a prime number?
True
Suppose 5*t - 1071 = -0*h - 4*h, 3*t = -2*h + 641. Is t prime?
True
Suppose -2*c = -471 - 631. Is c a prime number?
False
Let d = -5 - -9. Suppose 5*a + r - 75 = -0*a, d*r = -4*a + 44. Is 2 + a - 2 - 1 a prime number?
False
Let q = 301 + -174. Is q a prime number?
True
Suppose -18 = 2*u + 2*z + 40, 5*u + 115 = z. Let w be (0 - 4)/(-2 + 4/3). Is (w/u)/((-2)/152) prime?
True
Let n(g) be the second derivative of 2*g**3/3 - 3*g**2/2 + g. Let i = -6 + 10. Is n(i) a prime number?
True
Let p(j) = 6*j**3 - 3*j**3 + j**3 + 4 + j. Is p(3) composite?
True
Let q(f) = -8*f + 4. Let v be q(-9). Suppose 3*d = d + v. Is d prime?
False
Suppose 5*k - 30 = -5. Suppose -2*r - k*d - 201 = -4*r, 516 = 5*r + d. Is r composite?
False
Suppose 4*w + w = 20. Suppose g = w*g - 57. Is g a prime number?
True
Suppose -5*j - 118 = 157. Let n = j - -186. Is n a prime number?
True
Is (-2 - 7/(-4))/(2/(-3032)) prime?
True
Let o = -290 - -417. Is o prime?
True
Let g = 4 - 7. Is (-290)/g + 3/9 a prime number?
True
Suppose 2*a - 589 = 585. Is a composite?
False
Is (-3)/12 - (-52665)/20 composite?
False
Let v(m) = 29*m**3 - 4*m**2 - 2*m + 7. Let a be v(5). Suppose -a = -0*u - 6*u. Is u a prime number?
True
Let z(d) = d**3 + 5*d**2 + 2*d - 4. Let l be z(-4). Let v(r) = 3*r + 2 - 3*r + l*r. Is v(2) prime?
False
Let z(b) = 13*b**3 + 4*b**2 + 6*b - 7. Is z(4) a composite number?
True
Suppose 0*o + 4 = -o, -3*n + 3*o + 927 = 0. Is n a composite number?
True
Suppose 35 = -3*w - 2*w. Is (w + 9)*307/2 prime?
True
Let b be (-664)/(-10) + (-4)/10. Let i = b - -265. Is i a prime number?
True
Let q be (-6)/(-15) + 4/(-10). Let a(i) = 2*i - 6. Let w be a(5). Suppose 5*m + 10 = w*c + c, q = m. Is c a composite number?
False
Suppose -3*h - 5*c + 689 = -181, -2*h + 2*c + 580 = 0. Suppose w + w = h. Is w composite?
True
Let f = -14 - -8. Let p be f/(0 + (-2 - 0)). Is 231/5 - p/15 prime?
False
Suppose 3*x - x = 8. Is x + -1 + (-102)/(-3) a prime number?
True
Suppose -16 = 5*h - 401. Is h prime?
False
Suppose 68 = s - 5. Suppose s = 3*d - 44. Is d a prime number?
False
Suppose 2*w - 7*j = -3*j - 6, -5*j + 18 = w. Is w/(-4)*1*-28 a composite number?
True
Suppose -4*j - j = -635. Is j prime?
True
Is ((-1)/2)/(2/(-8812)) prime?
True
Suppose -3*i = -7*i + 12. Suppose 0 = i*k + 2*k - 40. Let s = 21 - k. Is s a prime number?
True
Let j = -455 + 714. Is j a prime number?
False
Let v = 240 - -697. Is v prime?
True
Is ((-171)/(-12))/((-3)/(-12)) composite?
True
Let i(u) = 0*u - 3*u + 3 + u**2 - 2*u - 2*u**2 + u**3. Is i(4) a prime number?
True
Suppose 20 = v + 5*p, -5 = v + v - 5*p. Suppose -q + v*q = 148. Is q composite?
False
Let y(k) = 4*k**3 - 2*k**2 - 2*k - 1. Suppose 5*v - 12 = x, 5*x - 2 = v + 10. Let w be y(x). Suppose -2*p = c - 77, p - w = -4*c - 34. Is p a prime number?
True
Let l = 14 - 14. Suppose -2*w = 4*d - 74, l = -4*d + 7*d - w - 68. Is d composite?
True
Let d be ((-2)/(-4))/(3/24). Suppose d*y = 7*y - 357. Is y prime?
False
Let w = -10 + 16. Suppose -1345 = p - w*p. Is p a composite number?
False
Suppose -4*b = -2*b - 114. Suppose 347 - b = 5*w. Is w a prime number?
False
Let w = -11 - -15. Suppose w*z - 68 = -8. Is (z/12)/(2/24) composite?
True
Let p(t) = -114*t**3 + 0*t**2 - 2*t + 2*t**2 + 3*t. Let u be 14/21 + (-5)/3. Is p(u) a prime number?
False
Suppose 5*h - 2*z - 3186 = 2*h, 2*h = -4*z + 2140. Suppose 5*j = h - 249. Is j composite?
False
Is (0 - (-2 + -552))*1 composite?
True
Suppose -21*t = -20*t - 91. Is t a prime number?
False
Let j be (-1)/(-4) - 10/40. Suppose j*a = -4*a + 100. Is a a prime number?
False
Let s = 1 + 3. Suppose 6*n - 48 = -4*d + n, -4*d + s*n + 12 = 0. Let g = d - -24. Is g composite?
False
Suppose -2*b + 15 = -p - 6*b, p + 3*b + 10 = 0. Is 1467/p - 8/20 prime?
True
Suppose -2264 = -4*w + 4*f, -f + 1129 = -3*w + 5*w. Is w composite?
True
Suppose 17*j = 20*j - 789. Is j a prime number?
True
Suppose -2*f - 3*s + 4086 = s, 2*s + 8152 = 4*f. Is f composite?
False
Let z = 285 + 280. Is z prime?
False
Let n = -836 + 1237. Is n a prime number?
True
Let t be (-3 - (-10)/4)*8. Is ((-440)/(-30))/(t/(-6)) composite?
True
Let o be 2/(-8)*-6*2. Suppose -2*x - o*x + 406 = 2*q, 4*x - 812 = -4*q. Is q composite?
True
Suppose 0 = -4*r - 2*w + 514, 5*r + 5*w - 638 = 4*w. Is r composite?
False
Suppose a - 7 - 11 = -3*d, -2 = 2*d - 4*a. Let r(l) = 5*l**3 - 5*l**2 - 5*l - 6. Is r(d) composite?
True
Let u = -599 - -1350. Is u prime?
True
Let i = 24 + -67. Let s be (-3 + -59)/(1*-1). Let y = s + i. Is y a prime number?
True
Suppose z + 5*n = -0*z + 216, 207 = z - 4*n. Is z composite?
False
Let f(t) = 149*t**2 + t - 1. Is f(1) a composite number?
False
Is (5630/(-4))/(6/(-12)) composite?
True
Let n = 916 + -445. Is n prime?
False
Let y be 51/(-15) - 6/(-15). Let z(v) = -2*v**3 - 5*v**2 - 2*v. Is z(y) a prime number?
False
Let l be 13*(-5 + 2 + 2). Is (-2)/l - (-2839)/221 composite?
False
Let q = -1214 + 2441. Is q a prime number?
False
Let u(b) = 208*b + 3. Is u(1) prime?
True
Let u = 246 + -163. Is u composite?
False
Let s = -320 + 538. Is s prime?
False
Is 1 - (-4677)/7 - 31/217 a composite number?
True
Let d(o) = -o**3 - o**2 + o - 1. Let q(m) = 10*m**3 + 5*m**2 - 5*m + 3. Let u(n) = 6*d(n) + q(n). Let g be u(3). Is g/3 + 2/1 prime?
False
Let i = 2681 - 1426. Is i composite?
True
Suppose -5*y + 20*y - 3030 = 0. Is y prime?
False
Let x = -429 - -264. Let i = x - -248. Is i composite?
False
Suppose -4*q = p + 5, -4*q + 5 = -9*q - p. Suppose 3*h - 3 - 150 = q. Is h prime?
False
Suppose -k + 124 = -3. Is k prime?
True
Let n be -1 - -485 - (4 - 4). Suppose -4*w = -0*w - n. Is w prime?
False
Let c = -7 + 27. Suppose 0 = 6*g - 2*g - c. Is 5/(1 - 0)*g composite?
True
Suppose -2 - 3 = 5*k. Let j be (-2)/(2/(-7)) + k. Suppose 0 = -j*r + r + 265. Is r prime?
True
Let f be 3 - 6 - (-61 + 1). Let d be 0*(-1 - (-3)/2). Suppose 3*z - f = -d*z. Is z a prime number?
True
Let q = 6 + 0. Suppose -36 = -5*y - t, -31 = -q*y + y + 4*t. Suppose 0*g = g - y. Is g composite?
False
Suppose 0 = 4*g - 19 - 1. Suppose g*o - 3 = 4*o. Suppose -5*y + 162 = o*z, -y = -2*z + 95 - 0. Is z composite?
True
Let u(i) = i**2 + 4*i - 3. Let h be u(-5). Let t(c) = -6*c - 10. Let m be t(-7). Suppose 0 = -h*n - 12 + m. Is n a prime number?
False
Let h(z) = 82*z - 3. Let a(q) = -q - 1. Let f(x) = 4*a(x) - h(x). Let k(r) = 2*r + 3. Let n be k(-2). Is f(n) a composite number?
True
Is -2 - -2374 - (7 - 6) a composite number?
False
Let u(y) = -22*y - 13. Let j(q) = 45*q + 25. Let g(x) = -2*j(x) - 5*u(x). Let l(p) = 10*p + 7. Let z(v) = -6*g(v) + 13*l(v). Is z(3) a prime number?
True
Let x be 4/6 - 4/6. Is (x + 1)/((-4)/(-732)) a composite number?
True
Suppose -2*h - 2798 = -2*c, -5*c - 3*h = 1789 - 8784. Is c a composite number?
False
Let v be 28/6 - (-2)/(-3). Suppose -v*n - 1 = -5. Is (2 - 1) + (n - 0) a prime number?
True
Let d(k) = 4*k**3 + 7*k**2 + k + 17. Is d(6) a prime number?
False
Suppose -5*u + 2775 = 5*w, -3*w + 2*u + 3*u + 1633 = 0. Is w a composite number?
True
Suppose -6 = -2*t + 6. Suppose t*w - w - 10 = 0. Suppose 12 = w*z - 2. Is z a composite number?
False
Let m(j) = -56*j - 3. Is m(-4) prime?
False
Let q = 5 + -3. Suppose q*v = 2*b + 32, -2*b + 3*v - 5*v - 20 = 0. Let z = b - -68. Is z composite?
True
Suppose 3*y = v + 158, 3*v = 8*v - y + 734. Let f = v - -225. Is f a composite number?
False
Suppose 5*q - 3356 = 3*g, 0 = q - 5*g - 425 - 233. Let b = -456 + q. Is b a prime number?
False
Is 1550/6 + (-26)/(-39) prime?
False
Let y = -303 + 956. Is y a prime number?